{"id":240,"date":"2020-08-04T10:04:44","date_gmt":"2020-08-04T10:04:44","guid":{"rendered":"https:\/\/yeahlena.rocks\/?page_id=240"},"modified":"2021-06-11T07:00:39","modified_gmt":"2021-06-11T07:00:39","slug":"agb","status":"publish","type":"page","link":"https:\/\/yeahlena.rocks\/?page_id=240","title":{"rendered":"AGB"},"content":{"rendered":"\n<h3 class=\"wp-block-heading\">Preis &nbsp;&nbsp;<\/h3>\n\n\n\n<ul class=\"wp-block-list\"><li>Die Preise im Shop sind in CHF inkl. MWSt ausgewiesen. Nicht inbegriffen im Preis sind die Kosten f\u00fcr Verpackung und Versand. Sie variieren je nach Gr\u00f6sse und Verpackungsaufwand des Produktes.<\/li><\/ul>\n\n\n\n<h3 class=\"wp-block-heading\">Zahlung &nbsp;<\/h3>\n\n\n\n<ul class=\"wp-block-list\"><li>Die Rechnung f\u00fcr die Bank\u00fcberweisung erfolgt via E-Mail und wird durch meinen Gesch\u00e4ftspartner &#8222;Guldenfels &amp; Partner&#8220; abgewickelt. <\/li><li>Auf Wunsch kann ich auch eine Bezahlung via PayPal oder Twint erm\u00f6glichen. Dazu bitte ich Dich, mich zu informieren.<\/li><\/ul>\n\n\n\n<h3 class=\"wp-block-heading\">Versand &nbsp;<\/h3>\n\n\n\n<ul class=\"wp-block-list\"><li>Der Versand erfolgt i.d.R. 3-5 Werktage nach Zahlungseingang.<\/li><li>Falls die Ware unversichert auf dem Postweg versandt wird, liegt das Risiko f\u00fcr einen Verlust auf dem Postweg&nbsp;beim K\u00e4ufer.<\/li><li>Deine Ware wird mit der schweizerischen Post versandt. Falls nichts anders vereinbart, wird die Ware mit B-Post&nbsp;verschickt (Schweiz: Paket bis 2 kg A-Post CHF 9.00, B-Post CHF 7.00) <\/li><\/ul>\n\n\n\n<h3 class=\"wp-block-heading\">Storno der Bestellung&nbsp;<\/h3>\n\n\n\n<ul class=\"wp-block-list\"><li>Storno ist nur vor der Lieferung m\u00f6glich. Bitte melde Dich diesbez\u00fcglich rasch an admin(at)yeahlena.rocks.<\/li><\/ul>\n\n\n\n<h3 class=\"wp-block-heading\">R\u00fcckgabe<\/h3>\n\n\n\n<ul class=\"wp-block-list\"><li>Eine R\u00fcckgabe ist nur m\u00f6glich, wenn die Ware keinerlei Anzeichen von Gebrauch aufweist.<\/li><li>Ich akzeptiere eine R\u00fccksendung der Ware innert 10 Tagen ohne Angabe von Gr\u00fcnden. Der Artikel muss unbenutzt und in einwandfreiem Zustand sein. Zur\u00fcckerstattet wird der Kaufbetrag abz\u00fcglich der angefallenen Spesen f\u00fcr den Versand.<\/li><\/ul>\n\n\n\n<h3 class=\"wp-block-heading\">M\u00e4ngel\/Umtausch<\/h3>\n\n\n\n<ul class=\"wp-block-list\"><li>Du als K\u00e4ufer bist verpflichtet, die Ware nach Erhalt zu pr\u00fcfen und M\u00e4ngel innerhalb von 5 Tagen schriftlich bei mir zu melden.<\/li><li>Reklamationen m\u00fcssen innerhalb von 14 Tagen nach Erhalt der Sendung erfolgen. Bei berechtigten Reklamationen stehen dem Kunden eine der gesetzlichen Gew\u00e4hrleistungsanspr\u00fcche nach meiner Wahl\u00a0zu (R\u00fccknahme, Minderung, Ersatzlieferung).<\/li><li>Das Porto f\u00fcr eine allf\u00e4llige R\u00fccksendung, zwecks Umtausch oder Behebung der M\u00e4ngel, \u00fcbernimmst Du als K\u00e4ufer.<\/li><\/ul>\n\n\n\n<p><\/p>\n","protected":false},"excerpt":{"rendered":"<p>Preis &nbsp;&nbsp; Die Preise im Shop sind in CHF inkl. MWSt ausgewiesen. Nicht inbegriffen im Preis sind die Kosten f\u00fcr&hellip;<\/p>\n","protected":false},"author":1,"featured_media":0,"parent":0,"menu_order":0,"comment_status":"closed","ping_status":"closed","template":"","meta":{"footnotes":""},"class_list":["post-240","page","type-page","status-publish","hentry"],"_links":{"self":[{"href":"https:\/\/yeahlena.rocks\/index.php?rest_route=\/wp\/v2\/pages\/240","targetHints":{"allow":["GET"]}}],"collection":[{"href":"https:\/\/yeahlena.rocks\/index.php?rest_route=\/wp\/v2\/pages"}],"about":[{"href":"https:\/\/yeahlena.rocks\/index.php?rest_route=\/wp\/v2\/types\/page"}],"author":[{"embeddable":true,"href":"https:\/\/yeahlena.rocks\/index.php?rest_route=\/wp\/v2\/users\/1"}],"replies":[{"embeddable":true,"href":"https:\/\/yeahlena.rocks\/index.php?rest_route=%2Fwp%2Fv2%2Fcomments&post=240"}],"version-history":[{"count":7,"href":"https:\/\/yeahlena.rocks\/index.php?rest_route=\/wp\/v2\/pages\/240\/revisions"}],"predecessor-version":[{"id":486,"href":"https:\/\/yeahlena.rocks\/index.php?rest_route=\/wp\/v2\/pages\/240\/revisions\/486"}],"wp:attachment":[{"href":"https:\/\/yeahlena.rocks\/index.php?rest_route=%2Fwp%2Fv2%2Fmedia&parent=240"}],"curies":[{"name":"wp","href":"https:\/\/api.w.org\/{rel}","templated":true}]}}